 be the first derivative of -t**4/4 + 2*t**3 - 3*t**2/2 - 2*t - 5. Let g be d(6). Let f = 14 - g. What are the prime factors of f?
2, 17
Suppose -2*w = -2*d + 138, -w - 418 = -4*d - 133. Suppose d = 12*z - 8*z. List the prime factors of z.
2, 3
Suppose 3*i = i. Suppose 3*l - 4*n = -185, -245 = -i*l + 4*l - 5*n. List the prime factors of 3/(-4)*(l - -11).
3, 11
Let f = 34 + -37. List the prime factors of (-73)/(-1) - (f - -6).
2, 5, 7
Suppose -1794 = -2*c - 2*x + 634, 5*x = 5*c - 6050. List the prime factors of c.
2, 3, 101
Let b = 373 + -174. List the prime factors of b.
199
Let i be 14 + -11 - (-21)/1. Suppose 555 = 3*d + i. What are the prime factors of d?
3, 59
Suppose 4*s = -3*s + 21. Suppose 2*b + s*z - 113 = 0, -2*z = -3*b + z + 132. List the prime factors of b.
7
Suppose -3*g - f + 114 = -3*f, g - 42 = 2*f. Suppose -4*m = 2 - 10, -2*m = -t + g. What are the prime factors of t?
2, 5
Suppose n + 0*n = 0. Suppose n = 3*w - 1 - 2. List the prime factors of 42/2 - 1/w.
2, 5
Let u = 520 - 223. What are the prime factors of u?
3, 11
Let f(b) = b**3 + 17*b**2 - 8*b - 36. List the prime factors of f(-11).
2, 389
Suppose 0 = -j + 2*j - 22. Suppose c - 3*c + 4 = -h, 0 = -3*h + 3*c. List the prime factors of j*(-6)/(-16)*h.
3, 11
What are the prime factors of ((-54)/(-9))/(2/61)?
3, 61
What are the prime factors of (3 - 6) + (-244)/(-4)?
2, 29
Let u = -14 - -5. Let t = -11 - u. List the prime factors of (t/4)/(2/(-28)).
7
Let y be (3/(-6))/(5/(-40)). Suppose -y*f + 20 = f. Suppose f*z + 4*z = 400. What are the prime factors of z?
2, 5
Let i be (-9)/12*-4 - (0 + 1). Suppose -i*o = 39 - 307. What are the prime factors of o?
2, 67
Let c be (0 + 1)/(7/(-308)). Let t be (-1)/(4 + 180/c). Let d(u) = u**3 - 10*u**2 - 6*u - 5. List the prime factors of d(t).
2, 5
Let t(y) = -y**3 - 6*y**2 - 10*y - 8. Let l be t(-4). Suppose 5*n = -a + 664, -3*n - 2*a + 273 + 124 = l. List the prime factors of n.
7, 19
Suppose -4*g + 1205 = -5*w, 0 = -g - 2*w + 167 + 118. List the prime factors of g.
5, 59
Suppose 872 = -5*k - 2*j + 2616, 3*j = 6. Suppose 2*q - k = -3*t - q, 3*t - q = 328. What are the prime factors of t?
3, 37
Suppose -4*r + o = -217, -3*r + 163 = o - 2*o. Let u = -546 + 515. Let j = r + u. What are the prime factors of j?
23
Let v(f) = -20*f**3 - 2*f**2 - 5*f - 5. Let r be v(-3). Suppose -5*j - c + 659 = 0, j - 5*j - 2*c + r = 0. What are the prime factors of j?
131
Let b = -61 - -43. Let w be 1678/(-12) - (-3)/b. Let r = w + 199. What are the prime factors of r?
59
Let w(o) = 0 - 12*o + 3*o**2 - 2 - 3. List the prime factors of w(6).
31
Let g(y) = y + 11. Let m(n) = -n - 10. Let b(f) = 4*g(f) + 5*m(f). List the prime factors of b(-10).
2
Suppose -j = 4*j + 3*t - 25, -3*t = 4*j - 23. Suppose 0 = -j*h + 3*h. Suppose 4*b - 12 - 68 = h. What are the prime factors of b?
2, 5
Let s be 4 - (2 + (-12)/3). Suppose 9*c = s*c. List the prime factors of (15 - c)*(-40)/(-12).
2, 5
Let l(j) = j + 22. Let s be l(-9). Let z = 131 - s. Let v = z + -67. What are the prime factors of v?
3, 17
Suppose -2*r - 4*y - 4 - 8 = 0, -y = -r - 6. Let q(u) = -15*u - 18. Let j(c) = -23*c - 27. Let m(w) = -5*j(w) + 8*q(w). What are the prime factors of m(r)?
3, 7
Suppose -4*j + h - 6*h = -20, 5*h = 2*j + 20. Let a(x) = -x + 32. List the prime factors of a(j).
2
Let p = 0 + 5. Let f(c) = -4*c**3 + 3*c + 2. Let o be f(-1). Suppose -90 = -3*n + p*q, 120 = -0*n + 4*n - o*q. What are the prime factors of n?
2, 3, 5
Suppose 136 = 95*v - 91*v. What are the prime factors of v?
2, 17
What are the prime factors of (3/(-7))/(-1) + (-133680)/(-210)?
7, 13
Suppose 977 = 4*k - 831. Suppose 5*i - p - k = 3*p, -4*p + 428 = 5*i. Suppose v - u - 16 = 0, -u - i = -0*v - 5*v. List the prime factors of v.
2, 3
Let g(a) = -a**3 + 21*a**2 + 16*a - 121. List the prime factors of g(20).
599
What are the prime factors of (0 + 2)*117/26?
3
Let p be (-1 - 0)*(1 - 173). Let u = p + -120. What are the prime factors of u?
2, 13
Suppose -112*x + 110*x = -5*k - 3305, 5*x = 5*k + 8255. List the prime factors of x.
2, 3, 5, 11
Let x = 4262 + -877. What are the prime factors of x?
5, 677
Let c = 198 + -96. Suppose 0 = -5*q - c + 347. Let i = q - 34. What are the prime factors of i?
3, 5
List the prime factors of 8/136*-2 + 9105/85.
107
What are the prime factors of ((-149408)/(-76) - -4) + (-4)/(-38)?
2, 5, 197
Let x(r) = -498*r**3 - 3*r**2 + 2*r + 1. What are the prime factors of x(-1)?
2, 13, 19
Let u(k) = 3*k**3 + 2*k**2 + k + 2. Let b(p) = -2*p**3 - 3*p**2 - p - 1. Let c(g) = -4*b(g) - 3*u(g). List the prime factors of c(5).
2, 7
Suppose -11 = -5*v + 9. Suppose -15 = -h + 3*k - k, v*h + 3*k - 60 = 0. What are the prime factors of h?
3, 5
Let t(m) = -m**3 + 5*m**2 + 0*m + 1 + 3*m + 4. Suppose -7 = -15*u + 68. What are the prime factors of t(u)?
2, 5
Suppose 0 = -3*b + 2*c - 316, 0*c = -5*b - 2*c - 548. Let f = b - -188. What are the prime factors of f?
2, 5
Suppose 2*t = -3*f + 407, 21*t - 184 = 20*t + 5*f. What are the prime factors of t?
199
Let q(s) = -s**3 - 2*s**2 + 2*s + 2. Let z be q(-3). Let y(t) = -t + 8. Let u be y(z). Suppose 3*b + 4 = -2*p + 92, u*p = 15. List the prime factors of b.
2, 13
List the prime factors of (3 + 1 - -3) + 699.
2, 353
Suppose -31 = -5*p - q, p + 4*q + 4 = -5. Suppose p*t - 201 - 492 = 0. What are the prime factors of t?
3, 11
List the prime factors of (-24)/(-16)*31848/18.
2, 1327
Suppose z = t + 1, 4*t - 5*t + 11 = 2*z. Suppose 46 = z*m - 74. List the prime factors of m.
2, 3, 5
Suppose 31*r = 4*r + 76950. What are the prime factors of r?
2, 3, 5, 19
Let p(n) = -n**3 - 4*n**2 + 7*n + 4. Let m(u) = 7*u**3 + u. Let k be m(-1). Let z = 2 + k. What are the prime factors of p(z)?
2, 17
Suppose -3*x - x = 32. Let y(j) = -j**3 - 9*j**2 - 9*j - 3. Let b be y(x). Suppose 4*v + 4*r = -13 + 45, b = v + 4*r. What are the prime factors of v?
3
Suppose -5*h = 3*q - 67, -3*h = 3*q - 18 - 27. Suppose -17 = -2*t - h. What are the prime factors of t?
3
Let m(l) = -l**2 - 42*l - 22. What are the prime factors of m(-8)?
2, 5
Suppose 2*k = 7*k + 60. Let w be ((-213)/(-9))/((-4)/k). Suppose -3*b - 11 = -w. List the prime factors of b.
2, 5
List the prime factors of 643*(5 + 5 + -9).
643
Suppose 3 = -4*x - 3*n - 265, -120 = 2*x - 2*n. What are the prime factors of (-2 - x) + 2/(-2)?
61
Suppose -386*q + 404*q = 29592. List the prime factors of q.
2, 3, 137
Suppose -3 = 4*k - 4*t - 95, 0 = -4*k + 2*t + 82. Suppose 0 = -k*v + 14*v + 204. What are the prime factors of v?
3, 17
Suppose -4948 = -5*a + 12. List the prime factors of a.
2, 31
Suppose -16*n + 4*v + 1289 = -13*n, -n - v = -425. List the prime factors of n.
7, 61
Let w = 2 - 0. Suppose -62 = -0*u + w*u. Let s = 14 - u. List the prime factors of s.
3, 5
Suppose 2*t - 522 = -0*t. List the prime factors of t.
3, 29
Suppose 4*a = a - 54. Let t be (-1712)/72 - (-4)/a. Let p = -4 - t. List the prime factors of p.
2, 5
Let v(r) = -28*r - 65. Let i(u) = -14*u - 33. Let z(h) = -13*i(h) + 6*v(h). What are the prime factors of z(7)?
137
Let w(c) = 82*c**2 + 2. Let j be w(-1). Suppose -42 = 3*u - j. List the prime factors of u.
2, 7
Let s = 715 - 16. What are the prime factors of s?
3, 233
Let u = -129 - -1908. What are the prime factors of u?
3, 593
Let m = 4 + -4. Suppose -2*c + 257 - 55 = m. What are the prime factors of c?
101
Let v be 22/33 + 16/3. What are the prime factors of ((-2)/v)/((-14)/3444)?
2, 41
Let z(f) = -f**3 - 5*f**2 - f + 1. Let w be z(-5). Let i be 4/w*(91 - 1). Let x = 89 - i. What are the prime factors of x?
29
Suppose -8*y - l = -3*y - 38, -29 = -5*y + 2*l. Let i be 4/14 + (-107)/y. List the prime factors of 6/i + (-92)/(-5).
2, 3
Suppose 380 = 6*d + 98. Suppose d = -2*c + 185. List the prime factors of c.
3, 23
Let u(v) = v**2 - 8*v + 7. Let x be u(7). Suppose -3*k + 5*s + 84 - 26 = x, -k + 5*s + 36 = 0. List the prime factors of k.
11
Suppose -k = 3*o - o - 3, 5*o - 15 = 5*k. Suppose 39 = -x - o*x. Let n = 18 + x. What are the prime factors of n?
5
Let t(p) = -p**3 - 5*p**2 + 7*p + 7. Let c be t(-7). Suppose -c = 2*w - 4*w. Suppose o - w = -o. List the prime factors of o.
2, 7
Let o(t) = -t**3 + 12*t**2 - 30*t - 9. Let s(q) = 2*q**2 + 13*q + 28. Let k be s(-4). What are the prime factors of o(k)?
7
Suppose 0 = -4*b - 4*v + 1076, 